{"id":28,"date":"2016-09-19T04:35:35","date_gmt":"2016-09-19T04:35:35","guid":{"rendered":"http:\/\/alquimiaequina.com.ar\/cont\/?page_id=28"},"modified":"2016-11-27T14:06:49","modified_gmt":"2016-11-27T14:06:49","slug":"nuestra-mision","status":"publish","type":"page","link":"https:\/\/alquimiaequina.com.ar\/cont\/nuestra-mision","title":{"rendered":"Nuestra misi\u00f3n"},"content":{"rendered":"<p><img loading=\"lazy\" decoding=\"async\" class=\"size-full wp-image-184 alignnone\" src=\"https:\/\/alquimiaequina.com.ar\/www\/cont\/wp-content\/uploads\/2016\/09\/mision.jpg\" alt=\"mision\" width=\"840\" height=\"225\" srcset=\"https:\/\/alquimiaequina.com.ar\/cont\/wp-content\/uploads\/2016\/09\/mision.jpg 840w, https:\/\/alquimiaequina.com.ar\/cont\/wp-content\/uploads\/2016\/09\/mision-300x80.jpg 300w, https:\/\/alquimiaequina.com.ar\/cont\/wp-content\/uploads\/2016\/09\/mision-768x206.jpg 768w\" sizes=\"auto, (max-width: 709px) 85vw, (max-width: 909px) 67vw, (max-width: 1362px) 62vw, 840px\" \/><\/p>\n<p>En\u00a0<span style=\"color: #800000;\"><strong>ALQUIMIA EQUINA<\/strong>\u00a0<\/span>consideramos al caballo\u00a0como parte del equipo, compa\u00f1ero, socio y no como herramienta. Nuestra misi\u00f3n es propiciar el lugar, el tiempo y la conexi\u00f3n entre las dos especies, equino\/humano, tiempo\/espacio, un lugar seguro, un tiempo en donde nos podemos relajar, aprender, permitirnos vivir el momento en plenitud.<\/p>\n<p><img loading=\"lazy\" decoding=\"async\" class=\"alignleft wp-image-126 size-medium\" src=\"https:\/\/alquimiaequina.com.ar\/www\/cont\/wp-content\/uploads\/2016\/09\/2014-12-17-12.20.32-exportada-en-baja-300x225.jpg\" alt=\"2014-12-17-12-20-32-exportada-en-baja\" width=\"300\" height=\"225\" srcset=\"https:\/\/alquimiaequina.com.ar\/cont\/wp-content\/uploads\/2016\/09\/2014-12-17-12.20.32-exportada-en-baja-300x225.jpg 300w, https:\/\/alquimiaequina.com.ar\/cont\/wp-content\/uploads\/2016\/09\/2014-12-17-12.20.32-exportada-en-baja-768x576.jpg 768w, https:\/\/alquimiaequina.com.ar\/cont\/wp-content\/uploads\/2016\/09\/2014-12-17-12.20.32-exportada-en-baja-1024x768.jpg 1024w, https:\/\/alquimiaequina.com.ar\/cont\/wp-content\/uploads\/2016\/09\/2014-12-17-12.20.32-exportada-en-baja-1200x900.jpg 1200w, https:\/\/alquimiaequina.com.ar\/cont\/wp-content\/uploads\/2016\/09\/2014-12-17-12.20.32-exportada-en-baja.jpg 1400w\" sizes=\"auto, (max-width: 300px) 85vw, 300px\" \/><\/p>\n<p><strong>Un lugar y espacio para sanar, para transformar y aprender.<\/strong><\/p>\n<pre><em>\"...lo que hacemos solo vale la pena si lo hacemos con un esp\u00edritu de alegr\u00eda y aventura, para nosotros mismos y para nuestro caballos\"\r\n<\/em><strong>~ Klaus Ferdinand Hempfling ~\u00a0<em>Dancing with Horses<\/em><\/strong><\/pre>\n","protected":false},"excerpt":{"rendered":"<p>En\u00a0ALQUIMIA EQUINA\u00a0consideramos al caballo\u00a0como parte del equipo, compa\u00f1ero, socio y no como herramienta. Nuestra misi\u00f3n es propiciar el lugar, el tiempo y la conexi\u00f3n entre las dos especies, equino\/humano, tiempo\/espacio, un lugar seguro, un tiempo en donde nos podemos relajar, aprender, permitirnos vivir el momento en plenitud. Un lugar y espacio para sanar, para transformar &hellip; <a href=\"https:\/\/alquimiaequina.com.ar\/cont\/nuestra-mision\" class=\"more-link\">Continuar leyendo<span class=\"screen-reader-text\"> &#8220;Nuestra misi\u00f3n&#8221;<\/span><\/a><\/p>\n","protected":false},"author":1,"featured_media":0,"parent":0,"menu_order":0,"comment_status":"closed","ping_status":"closed","template":"","meta":{"footnotes":""},"class_list":["post-28","page","type-page","status-publish","hentry"],"_links":{"self":[{"href":"https:\/\/alquimiaequina.com.ar\/cont\/wp-json\/wp\/v2\/pages\/28","targetHints":{"allow":["GET"]}}],"collection":[{"href":"https:\/\/alquimiaequina.com.ar\/cont\/wp-json\/wp\/v2\/pages"}],"about":[{"href":"https:\/\/alquimiaequina.com.ar\/cont\/wp-json\/wp\/v2\/types\/page"}],"author":[{"embeddable":true,"href":"https:\/\/alquimiaequina.com.ar\/cont\/wp-json\/wp\/v2\/users\/1"}],"replies":[{"embeddable":true,"href":"https:\/\/alquimiaequina.com.ar\/cont\/wp-json\/wp\/v2\/comments?post=28"}],"version-history":[{"count":15,"href":"https:\/\/alquimiaequina.com.ar\/cont\/wp-json\/wp\/v2\/pages\/28\/revisions"}],"predecessor-version":[{"id":197,"href":"https:\/\/alquimiaequina.com.ar\/cont\/wp-json\/wp\/v2\/pages\/28\/revisions\/197"}],"wp:attachment":[{"href":"https:\/\/alquimiaequina.com.ar\/cont\/wp-json\/wp\/v2\/media?parent=28"}],"curies":[{"name":"wp","href":"https:\/\/api.w.org\/{rel}","templated":true}]}}