{"id":14,"date":"2016-09-19T04:26:11","date_gmt":"2016-09-19T04:26:11","guid":{"rendered":"http:\/\/alquimiaequina.com.ar\/cont\/?page_id=14"},"modified":"2016-11-26T21:57:32","modified_gmt":"2016-11-26T21:57:32","slug":"que-es","status":"publish","type":"page","link":"https:\/\/alquimiaequina.com.ar\/cont\/que-es","title":{"rendered":"\u00bfQu\u00e9 es?"},"content":{"rendered":"<h3><span style=\"color: #993300;\">QUE ES EL APRENDIZAJE ASISTIDO<img loading=\"lazy\" decoding=\"async\" class=\" wp-image-116 alignright\" src=\"https:\/\/alquimiaequina.com.ar\/www\/cont\/wp-content\/uploads\/2016\/09\/IMG_3517-exportada-en-baja-1-300x244.jpg\" alt=\"img_3517-exportada-en-baja\" width=\"281\" height=\"229\" srcset=\"https:\/\/alquimiaequina.com.ar\/cont\/wp-content\/uploads\/2016\/09\/IMG_3517-exportada-en-baja-1-300x244.jpg 300w, https:\/\/alquimiaequina.com.ar\/cont\/wp-content\/uploads\/2016\/09\/IMG_3517-exportada-en-baja-1-768x625.jpg 768w, https:\/\/alquimiaequina.com.ar\/cont\/wp-content\/uploads\/2016\/09\/IMG_3517-exportada-en-baja-1-1024x833.jpg 1024w, https:\/\/alquimiaequina.com.ar\/cont\/wp-content\/uploads\/2016\/09\/IMG_3517-exportada-en-baja-1-1200x976.jpg 1200w, https:\/\/alquimiaequina.com.ar\/cont\/wp-content\/uploads\/2016\/09\/IMG_3517-exportada-en-baja-1.jpg 1400w\" sizes=\"auto, (max-width: 281px) 85vw, 281px\" \/><\/span><\/h3>\n<p>El aprendizaje asistido, tambi\u00e9n llamado &#8220;coaching con caballos&#8221; o EFLC (Equine Facilitated Learning and Coaching)\u00a0 nos da la posibilidad de <strong>conectar con nuestro ser\u00a0 aut\u00e9ntico<\/strong> y obtener habilidades que nos ayudaran a vivir la vida que realmente deseamos. Ellos, los caballos, nos ayudan y nos gu\u00edan a poder reconocer y\/o transformar patrones y pensamientos para alcanzar toda nuestro potencial.<\/p>\n<p><img loading=\"lazy\" decoding=\"async\" class=\" wp-image-120 alignleft\" src=\"https:\/\/alquimiaequina.com.ar\/www\/cont\/wp-content\/uploads\/2016\/09\/IMG_9445-exportada-en-baja-300x225.jpg\" alt=\"img_9445-exportada-en-baja\" width=\"291\" height=\"218\" srcset=\"https:\/\/alquimiaequina.com.ar\/cont\/wp-content\/uploads\/2016\/09\/IMG_9445-exportada-en-baja-300x225.jpg 300w, https:\/\/alquimiaequina.com.ar\/cont\/wp-content\/uploads\/2016\/09\/IMG_9445-exportada-en-baja-768x576.jpg 768w, https:\/\/alquimiaequina.com.ar\/cont\/wp-content\/uploads\/2016\/09\/IMG_9445-exportada-en-baja-1024x768.jpg 1024w, https:\/\/alquimiaequina.com.ar\/cont\/wp-content\/uploads\/2016\/09\/IMG_9445-exportada-en-baja-1200x900.jpg 1200w, https:\/\/alquimiaequina.com.ar\/cont\/wp-content\/uploads\/2016\/09\/IMG_9445-exportada-en-baja.jpg 1400w\" sizes=\"auto, (max-width: 291px) 85vw, 291px\" \/>Los caballos son animales de manada, necesitando de todos sus sentidos para sobrevivir. Viven en el presente, son aut\u00e9nticos y congruentes en todas sus acciones Perciben claramente una emoci\u00f3n, el lenguaje corporal de una persona como de otro de su especie. Esto les da inteligencia emocional, pudiendo percibir lo que sucede y actuar acorde a ello. Muchas veces nos reflejan, siendo nuestros espejos.\u00a0 Cuando aprendemos este lenguaje, y logramos incorporar estos aspectos en nuestras vidas, nos convertimos como ellos en seres mas aut\u00e9nticos, congruentes y presentes.<\/p>\n<h4>\u00a0<span style=\"color: #993300;\">\u00bfPORQUE ALQUIMIA?<br \/>\n<\/span><\/h4>\n<p>Alquimia significa transformaci\u00f3n, fusionarse con otra sustancia, si tomamos la met\u00e1fora, fusionarnos con el alma y la sabidur\u00eda\u00a0 del caballo,\u00a0 el caballo con nosotros, y juntos lograr la transformaci\u00f3n y los cambios que buscamos.<\/p>\n<p><span style=\"color: #993300;\"><strong><img loading=\"lazy\" decoding=\"async\" class=\"alignnone wp-image-149 size-full\" src=\"https:\/\/alquimiaequina.com.ar\/www\/cont\/wp-content\/uploads\/2016\/09\/horizontal1-1.jpg\" width=\"840\" height=\"225\" srcset=\"https:\/\/alquimiaequina.com.ar\/cont\/wp-content\/uploads\/2016\/09\/horizontal1-1.jpg 840w, https:\/\/alquimiaequina.com.ar\/cont\/wp-content\/uploads\/2016\/09\/horizontal1-1-300x80.jpg 300w, https:\/\/alquimiaequina.com.ar\/cont\/wp-content\/uploads\/2016\/09\/horizontal1-1-768x206.jpg 768w\" sizes=\"auto, (max-width: 709px) 85vw, (max-width: 909px) 67vw, (max-width: 1362px) 62vw, 840px\" \/><\/strong><\/span><\/p>\n<h3><span style=\"color: #993300;\"><strong>\u00bf A QUIEN ESTA DIRIGIDO ?<\/strong><\/span><\/h3>\n<p>EN ALQUIMIA EQUINA nos dirigimos a todas aquellas personas, de cualquier edad, que quieran explorar y transformar sus vidas, alcanzando su verdadero potencial a trav\u00e9s de la interacci\u00f3n con los caballos.<\/p>\n<p>No es necesario experiencia previa con caballos, ya que las experiencias se realizan por lo general pie a tierra,\u00a0 aunque tambi\u00e9n esta dirigido<br \/>\na personas que tengan su propio caballo y quieran mejorar su relaci\u00f3n, monta y comunicaci\u00f3n.<\/p>\n<h4><span style=\"color: #993300;\">QUE PODEMOS ESPERAR DE UNA Sesi\u00f3n<br \/>\n<\/span><\/h4>\n<p><img loading=\"lazy\" decoding=\"async\" class=\"wp-image-64 alignright\" src=\"https:\/\/alquimiaequina.com.ar\/www\/cont\/wp-content\/uploads\/2016\/09\/IMG_3744-exportada-en-baja-276x300.jpg\" alt=\"img_3744-exportada-en-baja\" width=\"302\" height=\"328\" srcset=\"https:\/\/alquimiaequina.com.ar\/cont\/wp-content\/uploads\/2016\/09\/IMG_3744-exportada-en-baja-276x300.jpg 276w, https:\/\/alquimiaequina.com.ar\/cont\/wp-content\/uploads\/2016\/09\/IMG_3744-exportada-en-baja-768x834.jpg 768w, https:\/\/alquimiaequina.com.ar\/cont\/wp-content\/uploads\/2016\/09\/IMG_3744-exportada-en-baja-943x1024.jpg 943w, https:\/\/alquimiaequina.com.ar\/cont\/wp-content\/uploads\/2016\/09\/IMG_3744-exportada-en-baja-1200x1303.jpg 1200w, https:\/\/alquimiaequina.com.ar\/cont\/wp-content\/uploads\/2016\/09\/IMG_3744-exportada-en-baja.jpg 1289w\" sizes=\"auto, (max-width: 302px) 85vw, 302px\" \/>Todas las sesiones son \u00fanicas, y se van ajustando a las necesidades y b\u00fasqueda de cada\u00a0cliente.\u00a0Pueden ser pasivos o mas activos, seg\u00fan lo que se va presentando. Ense\u00f1amos a conectar y estar consciente con el cuerpo y la mente,\u00a0 a comprender<br \/>\nnuestros mensajes y los de los caballos, nuestra inteligencia emocional, el significado de las emociones,\u00a0 la voz aut\u00e9ntica y la voz aprendida, o social&#8230;\u00a0 El poder del presente, el poder del pensamiento. Los temas a tratar se ajustan a cada sesi\u00f3n y cliente, permiti\u00e9ndonos:<\/p>\n<ul>\n<li>Acceder a nuestra sabidur\u00eda interna<\/li>\n<li>Aprender sobre los limites, propios y ajenos, aprender a decir &#8220;no&#8221;<\/li>\n<li>Atravesar transiciones en la vida<\/li>\n<li>Alcanzar nuestro verdadero potencial<\/li>\n<li>Acceder a una mayor creatividad<\/li>\n<li>Elegir caminos a seguir<\/li>\n<li>Revisar nuestras creencias o patrones que nos limitan<\/li>\n<li>Llegar a una mayor conexi\u00f3n y relaci\u00f3n con nuestro propio caballo<\/li>\n<li>Aprender el lenguaje equino<\/li>\n<li>Descubrir una mayor conexi\u00f3n espiritual<\/li>\n<li>Lograr una mejor inteligencia emocional<\/li>\n<li>Aprender a jugar en libertad con nuestro caballo<\/li>\n<li>Desarrollar el liderazgo positivo<\/li>\n<li>(insertar cita) <em>algunos caballos te probaran, algunos te ense\u00f1aran, y algunos te extraer\u00e1n lo mejor que tienes<\/em><\/li>\n<\/ul>\n","protected":false},"excerpt":{"rendered":"<p>QUE ES EL APRENDIZAJE ASISTIDO El aprendizaje asistido, tambi\u00e9n llamado &#8220;coaching con caballos&#8221; o EFLC (Equine Facilitated Learning and Coaching)\u00a0 nos da la posibilidad de conectar con nuestro ser\u00a0 aut\u00e9ntico y obtener habilidades que nos ayudaran a vivir la vida que realmente deseamos. Ellos, los caballos, nos ayudan y nos gu\u00edan a poder reconocer y\/o &hellip; <a href=\"https:\/\/alquimiaequina.com.ar\/cont\/que-es\" class=\"more-link\">Continuar leyendo<span class=\"screen-reader-text\"> &#8220;\u00bfQu\u00e9 es?&#8221;<\/span><\/a><\/p>\n","protected":false},"author":1,"featured_media":0,"parent":0,"menu_order":0,"comment_status":"closed","ping_status":"closed","template":"","meta":{"footnotes":""},"class_list":["post-14","page","type-page","status-publish","hentry"],"_links":{"self":[{"href":"https:\/\/alquimiaequina.com.ar\/cont\/wp-json\/wp\/v2\/pages\/14","targetHints":{"allow":["GET"]}}],"collection":[{"href":"https:\/\/alquimiaequina.com.ar\/cont\/wp-json\/wp\/v2\/pages"}],"about":[{"href":"https:\/\/alquimiaequina.com.ar\/cont\/wp-json\/wp\/v2\/types\/page"}],"author":[{"embeddable":true,"href":"https:\/\/alquimiaequina.com.ar\/cont\/wp-json\/wp\/v2\/users\/1"}],"replies":[{"embeddable":true,"href":"https:\/\/alquimiaequina.com.ar\/cont\/wp-json\/wp\/v2\/comments?post=14"}],"version-history":[{"count":21,"href":"https:\/\/alquimiaequina.com.ar\/cont\/wp-json\/wp\/v2\/pages\/14\/revisions"}],"predecessor-version":[{"id":157,"href":"https:\/\/alquimiaequina.com.ar\/cont\/wp-json\/wp\/v2\/pages\/14\/revisions\/157"}],"wp:attachment":[{"href":"https:\/\/alquimiaequina.com.ar\/cont\/wp-json\/wp\/v2\/media?parent=14"}],"curies":[{"name":"wp","href":"https:\/\/api.w.org\/{rel}","templated":true}]}}